 n?
7, 11
Suppose 0 = m + 5*s + 350 - 69, 0 = 4*m - 2*s + 1168. Let w = 603 + m. Suppose 2*j + w = 2*q, -309 = -2*q + 5*j - 0*j. What are the prime factors of q?
157
Let w(r) = 28*r + 20. Let v be w(5). Let f = v + 107. What are the prime factors of f?
3, 89
Let x(n) = 2*n + 20. Let w be x(-21). Let d = -20 - w. Suppose 5*t = -5*a + 480, 0 = 3*a - d*t - t - 318. What are the prime factors of a?
101
Suppose -2*h + 2 = -4*o, 10 = 5*h - 15. Let f(w) = w**3 + 0*w**2 - w**o - 17*w**2 - 8 + 2*w. List the prime factors of f(18).
2, 7
Let g = 40 + -40. Let b(o) = -529*o + 42 + g + 534*o. List the prime factors of b(6).
2, 3
Let d(i) = 429*i - 554. What are the prime factors of d(25)?
7, 1453
Let b be 2432690/325 - (-6)/(-5). List the prime factors of -10 + (-528)/(-55) + b/10.
2, 11, 17
Let m = 28 - 19. Let s = m - 9. Suppose -v - v + 54 = s. List the prime factors of v.
3
Let j(m) = m + 1912 - 11*m - 1864 + m**3 - 14*m**2. List the prime factors of j(15).
3, 41
Let z(i) = i**3 - 2*i**2 - 3*i + 2. Let n be z(3). Let k be (6 - 4) + n - 27. Let h(j) = j**2 + 13*j - 37. What are the prime factors of h(k)?
193
Let x(h) = 3*h**3 + 5*h**2 + 155*h + 74. List the prime factors of x(18).
2, 5, 7, 157
Suppose 4*f + 207 - 223 = 0. Suppose -f*t - 119 = -2111. Suppose -4*m = -2*q + t, -2*q + m + 0*m = -489. List the prime factors of q.
3
Suppose -60 = 42*i - 47*i. Suppose z + 2*z = -i, 4*z = -5*y - 6. Suppose 3*u - 5*a - 130 = 0, 4*u + 4*a - 50 = y*u. List the prime factors of u.
5, 7
Let h(x) = -x**3 + 19*x - 73. List the prime factors of h(-19).
5, 257
Suppose 5*m + 35 = -4*f + 412, 2*f - 2*m = 184. Let d = 384 - f. List the prime factors of d.
3, 97
Let t = -62 - -74. What are the prime factors of (-150)/((-4)/t + 0) + -5?
5, 89
Suppose 5*j - 3*b - 68425 + 28546 = 0, 0 = -4*j + 5*b + 31898. List the prime factors of j.
3, 2659
List the prime factors of (-2)/(-10) - ((-10882044)/180 - (-20 - -5)).
3, 20147
Let h be (2106/(-4) - 5/10) + 4. Let b = h - -1047. What are the prime factors of b?
2, 131
Let s(h) = 29*h + 60. Let x be s(-2). Suppose i + 0*i = 1, -4*i = -x*p + 230. What are the prime factors of p?
3, 13
Suppose 4*r = -14*c + 13*c + 1071, -5 = -r. Suppose -5*a = 10, -c - 972 = -5*s - a. List the prime factors of s.
3, 5
Let c(h) = 25*h**2. Let r be c(1). Suppose 5*j - 1030 = -5*z, -17*z + 20*z = 8*j - 1626. Suppose 28*q - j = r*q. What are the prime factors of q?
2, 17
Suppose -j + 482 = 5*t, t - j - 117 = -17. Let s = t - 14. List the prime factors of s.
83
Suppose -14*o + 6*o - 6240 = 0. List the prime factors of o/48*(-16)/10.
2, 13
Suppose -3*w = -5*v, 8*w - 15 = 5*w. Suppose 0 = o + t - 807, v*t = o + 71 - 886. List the prime factors of o.
809
Let u be 1 + (2/(-5))/((-12)/60). Suppose u*h = -4*f - f - 2, 3*h = -4*f - 4. Suppose -5*j - 123 = -0*w - f*w, -2*j = -2*w + 132. List the prime factors of w.
3, 23
Let u(o) = 2*o**2 + 28*o + 392. Let h be u(-13). Suppose 3*g = 1569 - h. List the prime factors of g.
401
Suppose -8*i = 8*i - 48. Suppose 0 = -i*s - 2*s + 70. Suppose s*y - 1043 = 1967. What are the prime factors of y?
5, 43
Suppose -5*x + 3*j + 12955 = 0, -2*j + 2589 = x - 3*j. List the prime factors of x/8 - 3/12.
2, 3
Suppose 6112 = -6*w + 10*w. Suppose -4*c = -2*u - w, 0 = -0*c - 5*c + 3*u + 1911. What are the prime factors of c?
3, 127
What are the prime factors of 53413/3 - 408/306?
19, 937
Let x(a) = -3 - 2 + 2*a**2 - 11 + 14*a. Suppose -44*v = -13*v - 25*v + 72. List the prime factors of x(v).
2, 13
Let y(u) = -u**3 + 9*u**2 + 6*u + 21. Suppose 0*o + 2*o = 5*h, -4*o - h = 0. Suppose -v = -3, 0 = -o*l - 5*l + 5*v + 30. List the prime factors of y(l).
3, 5
Let d(h) = 19 + 13*h + 3*h**2 - h**2 + 11*h. Let r be d(-13). Suppose 137 = 2*m - r. What are the prime factors of m?
7, 13
Suppose 0 = 53*s - 47*s - 144. Let n be ((-6)/(-36)*-2)/(2/s). List the prime factors of -2*2/n*89.
89
Let m be 6/(-5)*(2 + -12)/(-2). Let z(n) = -2*n + 7. Let w be z(-2). List the prime factors of w/(-2)*m + 1.
2, 17
Let h(z) = 47*z**2 - 26*z + 26. What are the prime factors of h(11)?
3, 67
Suppose 12*u = 13495 + 18865 + 33040. List the prime factors of u.
2, 5, 109
Let x = -157 - -160. Suppose -z + 3*b + 488 - 110 = 0, 1452 = 4*z + x*b. What are the prime factors of z?
2, 3, 61
Let r(y) = 268*y + 54. Let c(a) = -534*a - 110. Let v(i) = -3*c(i) - 5*r(i). What are the prime factors of v(5)?
2, 5, 137
Let v(x) = x**2 + 11*x + 24. Let w be v(-8). Let o be 0/(-2 + 3 - w). Suppose 4*z - 124 - 68 = o. What are the prime factors of z?
2, 3
Let p = 27 - 25. Suppose 6 = p*b - 18. Suppose 13*i - 166 = b*i. List the prime factors of i.
2, 83
Suppose 1293956 = 189*m - 970264. List the prime factors of m.
2, 5, 599
List the prime factors of (-8294291)/(-639) - 1/9.
2, 5, 11, 59
Let k(l) = 3*l**3 - 26*l**2 - 13*l + 1. Let f be k(16). Suppose -4*r = -5*t + f, -4*t - 4*r + 4351 = -5*r. List the prime factors of t.
3, 11
Suppose -3*j - 15*w = -10*w - 16041, 5*j + 3*w = 26767. What are the prime factors of j?
11, 487
Let l(a) = 14*a**2 - 224*a + 103. List the prime factors of l(33).
73, 109
Suppose 39 = 3*n - u + 32, 0 = -2*n + 3*u + 7. List the prime factors of 1 + (1050 - -32)*(n - 1).
3, 19
Suppose -7*o - 1 = 13. Let u be (-1)/(o + 25/10). Let m = u - -8. What are the prime factors of m?
2, 3
Suppose 10 = -112*l + 117*l. Suppose -l*a - 3*u + 782 = 0, -2*a - 3*u - 373 = -3*a. What are the prime factors of a?
5, 7, 11
Suppose 1631 + 601 = -12*b. Let r = b + 414. List the prime factors of r.
2, 3, 19
Suppose -2*l + 25130 = 2*t, -t - 9 = -4*t. What are the prime factors of l?
2, 11, 571
Suppose 531*k + 34*k = 17698060. What are the prime factors of k?
2, 41, 191
Let z(w) = -8*w**3 - 2*w**2 - 7*w + 2. Let a(x) = x**3 + 17*x**2 + 29*x - 19. Let o be a(-15). What are the prime factors of z(o)?
2, 3, 5, 17
Let r(m) = -2*m - 43. Let n be r(-20). Let w be 3*(-2 + n)/15. Let k(a) = -31*a**3 - 2*a**2 - a. List the prime factors of k(w).
2, 3, 5
Suppose 4*y - 3*y = 21. Suppose -3*z + 5*i + 20 = 0, -9*i + y = 5*z - 5*i. Suppose 149 = z*q - 341. List the prime factors of q.
2, 7
Let g(a) = 60 - 31 - 4*a - 27 + 99*a**2. Let f(v) = 98*v**2 - 4*v + 2. Let j(z) = 3*f(z) - 2*g(z). List the prime factors of j(1).
2, 47
Suppose 33*a - 1824840 = -115*a. What are the prime factors of a?
2, 3, 5, 137
Let z(y) be the first derivative of y**2/2 - 8*y - 26. Let l be z(11). What are the prime factors of l + 115 + (4 - (0 + 2))?
2, 3, 5
Let b(x) = -2*x**3 - 2*x**2 + 2*x + 2. Let n be b(-4). Let r = -60 + 64. Let v = r + n. What are the prime factors of v?
2, 47
Suppose 1553*t - 1548*t = 21835. List the prime factors of t.
11, 397
Let f(s) = 15*s - 10. Let x be f(1). Suppose x*i + 368 = u - 43, 3*u = 4*i + 1277. List the prime factors of u.
431
Suppose -6*q - 29 - 55 = 0. Let y be (-12)/21 - 120/q. Suppose -2*s + 172 = -5*w, 3*w + y = -3*s + 266. List the prime factors of s.
2, 43
Suppose 4895 = 5*d - 10100. What are the prime factors of d?
2999
Suppose 4*h + 43 = -3*r + 14, 0 = -r - 3. List the prime factors of (-731)/h + 4/(-20).
2, 73
Let w = 18 + -8. Suppose -5*j - 15 = 0, 0*v - 5*j - 9 = 3*v. List the prime factors of (w - v) + -4 - -88.
2, 23
Let g(c) = c + 21. Suppose 9*i - 53 = 82. Suppose -3*o + i = 0, 5*o + 18 = 2*z + 3*o. List the prime factors of g(z).
5, 7
Let v(m) = 5*m + 767. Let a be v(0). Let h = a - 521. List the prime factors of h.
2, 3, 41
Let t(i) = 4 + 2*i**2 - 6*i**2 - 5*i + i**3 - i**2 - i. Let s be t(6). Suppose -s*u = 123 - 403. List the prime factors of u.
2, 5, 7
Let z = 14142 - -10133. List the prime factors of z.
5, 971
Suppose 0 = -6*k - 261 + 285. List the prime factors of (-16)/((-16)/k) + 1023.
13, 79
Let d = -4311 - -9451. What are the prime factors of d?
2, 5, 257
Let z be 4 + 3/(-12) + 2/8. Suppose a - z = -6. What are the prime factors of 922/(-21)*-3 - a/7?
2, 3, 11
Suppose 4*p - 5*p - 174306 = -7*p. What are the prime factors of p?
11, 19, 139
Let m(q) = -120*q - 3. Let b be 2*((-1)/5 - (-39)/(-130)). What are the prime factors of m(b)?
3, 13
What are the prime factors of (-1034 + 3)*(-25 - -20)?
5, 1031
Suppose -106552 - 1076735 = -67*f. List the prime factors of f.
3, 7, 29
Let m(h) = 2129*h - 6390. What are the prime factors of m(14)?
2, 2927
Let g(z) = z**3 - 18*z*